{"id":664088,"date":"2022-04-05T15:01:45","date_gmt":"2022-04-05T14:01:45","guid":{"rendered":"https:\/\/pulse.microsoft.com\/?page_id=664088"},"modified":"2022-04-05T15:01:45","modified_gmt":"2022-04-05T14:01:45","slug":"en-likvardig-vard-och-omsorg","status":"publish","type":"page","link":"https:\/\/pulse.microsoft.com\/sv-se\/en-likvardig-vard-och-omsorg\/","title":{"rendered":"En likv\u00e4rdig v\u00e5rd och omsorg"},"content":{"rendered":"<p class=\"intro\"><span class=\"LineBox BCX0 SCXP206257807\"><span class=\"TextRun BCX0 SCXP206257807\" lang=\"SV-SE\" xml:lang=\"SV-SE\" data-scheme-color=\"@00B0F0,,\" data-usefontface=\"true\" data-contrast=\"none\"><span class=\"NormalTextRun BCX0 SCXP206257807\">\u00c5r 2025 ska Sverige vara b\u00e4st i v\u00e4rlden p\u00e5 att anv\u00e4nda digitaliseringens och e-h\u00e4lsans\u00a0<\/span><\/span><\/span><span class=\"LineBox BCX0 SCXP206257807\"><span class=\"TextRun BCX0 SCXP206257807\" lang=\"SV-SE\" xml:lang=\"SV-SE\" data-scheme-color=\"@00B0F0,,\" data-usefontface=\"true\" data-contrast=\"none\"><span class=\"NormalTextRun BCX0 SCXP206257807\">m\u00f6jligheter i syfte att underl\u00e4tta f\u00f6r m\u00e4nniskor att uppn\u00e5 en god och j\u00e4mlik h\u00e4lsa och v\u00e4lf\u00e4rd.<\/span><\/span><\/span><\/p>\n<p data-ccp-props=\"{&quot;335551550&quot;:1,&quot;335551620&quot;:1,&quot;335559683&quot;:0,&quot;335559685&quot;:0,&quot;335559731&quot;:0,&quot;335559737&quot;:0,&quot;335562764&quot;:2,&quot;335562765&quot;:1,&quot;335562766&quot;:4,&quot;335562767&quot;:0,&quot;335562768&quot;:4,&quot;335562769&quot;:0}\"><span data-usefontface=\"false\" data-contrast=\"none\">Digitalisering \u00e4r inte ett m\u00e5l i sig, utan ett medel som m\u00f6jligg\u00f6r f\u00f6rnyelse. F\u00f6r individen skapar digitaliseringen stora m\u00f6jligheter till\u00a0<\/span><span data-usefontface=\"false\" data-contrast=\"none\">individuellt anpassade st\u00f6d, enklare kommunikationsv\u00e4gar samt m\u00f6jlighet till \u00f6kad kontroll \u00f6ver sin h\u00e4lsa och livssituation. F\u00f6r\u00a0<\/span><span data-usefontface=\"false\" data-contrast=\"none\">verksamheterna kan digitaliseringen bidra till en mer j\u00e4mst\u00e4lld, j\u00e4mlik, effektiv och tillg\u00e4nglig socialtj\u00e4nst och h\u00e4lso- och sjukv\u00e5rd,\u00a0<\/span><span data-usefontface=\"false\" data-contrast=\"none\">men \u00e4ven till b\u00e4ttre arbetsf\u00f6rh\u00e5llanden f\u00f6r medarbetare. Det finns \u00e4ven en stor potential i att m\u00f6ta utmaningarna inom v\u00e5rden\u00a0<\/span><span data-usefontface=\"false\" data-contrast=\"none\">och omsorgen genom att anv\u00e4nda data som en strategisk resurs och tillvarata kraften i ny teknologi.<\/span>\u200b<\/p>\n<p data-ccp-props=\"{&quot;335551550&quot;:1,&quot;335551620&quot;:1,&quot;335559683&quot;:0,&quot;335559685&quot;:0,&quot;335559731&quot;:0,&quot;335559737&quot;:0,&quot;335562764&quot;:2,&quot;335562765&quot;:1,&quot;335562766&quot;:4,&quot;335562767&quot;:0,&quot;335562768&quot;:4,&quot;335562769&quot;:0}\"><span data-usefontface=\"false\" data-contrast=\"none\">Trots att Sverige har bland de b\u00e4sta f\u00f6ruts\u00e4ttningarna i v\u00e4rlden f\u00f6r digitalisering finns det outnyttjad potential n\u00e4r det g\u00e4ller att\u00a0<\/span><span data-usefontface=\"false\" data-contrast=\"none\">tillvarata digitaliseringens m\u00f6jligheter f\u00f6r att skapa en mer tillg\u00e4nglig, kvalitativ, effektiv och personcentrerad h\u00e4lso- och sjukv\u00e5rd\u00a0<\/span><span data-usefontface=\"false\" data-contrast=\"none\">och socialtj\u00e4nst. Med fyra koncept som \u00e4r helt\u00e4ckande i form av kundernas prioriteringar i deras digitaliseringsambitioner samt\u00a0<\/span><span data-usefontface=\"false\" data-contrast=\"none\">mappning av de l\u00f6sningar vi erbjuder till regioner och kommuner.<\/span><\/p>\n<h2 data-ccp-props=\"{&quot;335551550&quot;:1,&quot;335551620&quot;:1,&quot;335559683&quot;:0,&quot;335559685&quot;:0,&quot;335559731&quot;:0,&quot;335559737&quot;:0,&quot;335562764&quot;:2,&quot;335562765&quot;:1,&quot;335562766&quot;:4,&quot;335562767&quot;:0,&quot;335562768&quot;:4,&quot;335562769&quot;:0}\">V\u00e4rdet f\u00f6r organisation och samh\u00e4lle<\/h2>\n<ul style=\"font-weight: 400;\">\n<li data-charcodes=\"8226\" data-font=\"Arial,Sans-Serif\" data-buautonum=\"8\" data-margin=\"540\" data-aria-posinset=\"1\" data-aria-level=\"1\"><span data-usefontface=\"false\" data-contrast=\"none\">Patienten ges m\u00f6jlighet att aktivt delta och bidra i sin v\u00e5rd<\/span>\u200b<\/li>\n<li data-charcodes=\"8226\" data-font=\"Arial,Sans-Serif\" data-buautonum=\"8\" data-margin=\"540\" data-aria-posinset=\"2\" data-aria-level=\"1\"><span data-usefontface=\"false\" data-contrast=\"none\">\u00d6verbrygga gr\u00e4nser mellan region, kommun och patient samt andra akt\u00f6rer<\/span>\u200b<\/li>\n<li data-charcodes=\"8226\" data-font=\"Arial,Sans-Serif\" data-buautonum=\"8\" data-margin=\"540\" data-aria-posinset=\"3\" data-aria-level=\"1\"><span data-usefontface=\"false\" data-contrast=\"none\">N\u00e4ra v\u00e5rd som \u00e4r platsoberoende<\/span>\u200b<\/li>\n<li data-charcodes=\"8226\" data-font=\"Arial,Sans-Serif\" data-buautonum=\"8\" data-margin=\"540\" data-aria-posinset=\"4\" data-aria-level=\"1\"><span data-usefontface=\"false\" data-contrast=\"none\">Medarbetare har r\u00e4tt information och kunskap<\/span>\u200b<\/li>\n<li data-charcodes=\"8226\" data-font=\"Arial,Sans-Serif\" data-buautonum=\"8\" data-margin=\"540\" data-aria-posinset=\"5\" data-aria-level=\"1\"><span data-usefontface=\"false\" data-contrast=\"none\">Digital arbetsmilj\u00f6 som st\u00f6djer processer<\/span>\u200b<\/li>\n<li data-charcodes=\"8226\" data-font=\"Arial,Sans-Serif\" data-buautonum=\"8\" data-margin=\"540\" data-aria-posinset=\"6\" data-aria-level=\"1\"><span data-usefontface=\"false\" data-contrast=\"none\">Automatiserade v\u00e5rd- och omsorgsprocesser med inv\u00e5naren och personal i fokus\u00a0<\/span>\u200b<\/li>\n<li data-charcodes=\"8226\" data-font=\"Arial,Sans-Serif\" data-buautonum=\"8\" data-margin=\"540\" data-aria-posinset=\"7\" data-aria-level=\"1\"><span data-usefontface=\"false\" data-contrast=\"none\">Uppkopplade boenden och hemmonitorering frig\u00f6r tid och automatiserar\u00a0<\/span><span data-usefontface=\"false\" data-contrast=\"none\">rapportering\u00a0<\/span>\u200b<\/li>\n<li data-charcodes=\"8226\" data-font=\"Arial,Sans-Serif\" data-buautonum=\"8\" data-margin=\"540\" data-aria-posinset=\"8\" data-aria-level=\"1\"><span data-usefontface=\"false\" data-contrast=\"none\">Med s\u00e4kra videom\u00f6ten till\u00e5ts personal fokusera p\u00e5 patient och brukare. Frig\u00f6r tid.\u00a0<\/span><span data-usefontface=\"false\" data-contrast=\"none\">minskar belastning p\u00e5 milj\u00f6n och efterlever kravet p\u00e5 social distans<\/span>\u200b<\/li>\n<li data-charcodes=\"8226\" data-font=\"Arial,Sans-Serif\" data-buautonum=\"8\" data-margin=\"540\" data-aria-posinset=\"9\" data-aria-level=\"1\"><span data-usefontface=\"false\" data-contrast=\"none\">Med rollstyrda meddelanden s\u00e5 effektiviseras kommunikationen mellan olika\u00a0<\/span><span data-usefontface=\"false\" data-contrast=\"none\">yrkesgrupper och underl\u00e4ttar det samordnade v\u00e5rdplaneringsarbetet<\/span>\u200b<\/li>\n<li data-charcodes=\"8226\" data-font=\"Arial,Sans-Serif\" data-buautonum=\"8\" data-margin=\"540\" data-aria-posinset=\"10\" data-aria-level=\"1\"><span data-usefontface=\"false\" data-contrast=\"none\">En bas att bedriva fortsatt innovation och g\u00f6ra id\u00e9er i vardagen tillg\u00e4ngliga f\u00f6r en\u00a0<\/span><span data-usefontface=\"false\" data-contrast=\"none\">bredare m\u00e5lgrupp<\/span>\u200b<\/li>\n<li data-charcodes=\"8226\" data-font=\"Arial,Sans-Serif\" data-buautonum=\"8\" data-margin=\"540\" data-aria-posinset=\"11\" data-aria-level=\"1\"><span data-usefontface=\"false\" data-contrast=\"none\">Modern\u00a0it-milj\u00f6, d\u00e4r relevant info g\u00f6rs tillg\u00e4nglig<\/span>\u200b<\/li>\n<\/ul>\n","protected":false},"excerpt":{"rendered":"<p>\u00c5r 2025 ska Sverige vara b\u00e4st i v\u00e4rlden p\u00e5 att anv\u00e4nda digitaliseringens och e-h\u00e4lsans\u00a0m\u00f6jligheter i syfte att underl\u00e4tta f\u00f6r m\u00e4nniskor att uppn\u00e5 en god och j\u00e4mlik h\u00e4lsa och v\u00e4lf\u00e4rd. Digitalisering \u00e4r inte ett m\u00e5l i sig, utan ett medel som m\u00f6jligg\u00f6r f\u00f6rnyelse. F\u00f6r individen skapar digitaliseringen stora m\u00f6jligheter till\u00a0individuellt anpassade st\u00f6d, enklare kommunikationsv\u00e4gar samt m\u00f6jlighet [&hellip;]<\/p>\n","protected":false},"author":791,"featured_media":664091,"parent":0,"menu_order":0,"comment_status":"closed","ping_status":"closed","template":"","meta":{"footnotes":""},"class_list":["post-664088","page","type-page","status-publish","has-post-thumbnail","hentry"],"_links":{"self":[{"href":"https:\/\/pulse.microsoft.com\/sv-se\/wp-json\/wp\/v2\/pages\/664088"}],"collection":[{"href":"https:\/\/pulse.microsoft.com\/sv-se\/wp-json\/wp\/v2\/pages"}],"about":[{"href":"https:\/\/pulse.microsoft.com\/sv-se\/wp-json\/wp\/v2\/types\/page"}],"author":[{"embeddable":true,"href":"https:\/\/pulse.microsoft.com\/sv-se\/wp-json\/wp\/v2\/users\/791"}],"replies":[{"embeddable":true,"href":"https:\/\/pulse.microsoft.com\/sv-se\/wp-json\/wp\/v2\/comments?post=664088"}],"version-history":[{"count":1,"href":"https:\/\/pulse.microsoft.com\/sv-se\/wp-json\/wp\/v2\/pages\/664088\/revisions"}],"predecessor-version":[{"id":664136,"href":"https:\/\/pulse.microsoft.com\/sv-se\/wp-json\/wp\/v2\/pages\/664088\/revisions\/664136"}],"wp:featuredmedia":[{"embeddable":true,"href":"https:\/\/pulse.microsoft.com\/sv-se\/wp-json\/wp\/v2\/media\/664091"}],"wp:attachment":[{"href":"https:\/\/pulse.microsoft.com\/sv-se\/wp-json\/wp\/v2\/media?parent=664088"}],"curies":[{"name":"wp","href":"https:\/\/api.w.org\/{rel}","templated":true}]}}

En likvärdig vård och omsorg

<p class="intro"><span class="LineBox BCX0 SCXP206257807"><span class="TextRun BCX0 SCXP206257807" lang="SV-SE" xml:lang="SV-SE" data-scheme-color="@00B0F0,," data-usefontface="true" data-contrast="none"><span class="NormalTextRun BCX0 SCXP206257807">År 2025 ska Sverige vara bäst i världen på att använda digitaliseringens och e-hälsans </span></span></span><span class="LineBox BCX0 SCXP206257807"><span class="TextRun BCX0 SCXP206257807" lang="SV-SE" xml:lang="SV-SE" data-scheme-color="@00B0F0,," data-usefontface="true" data-contrast="none"><span class="NormalTextRun BCX0 SCXP206257807">möjligheter i syfte att underlätta för människor att uppnå en god och jämlik hälsa och välfärd.</span></span></span></p>
<p data-ccp-props="{&quot;335551550&quot;:1,&quot;335551620&quot;:1,&quot;335559683&quot;:0,&quot;335559685&quot;:0,&quot;335559731&quot;:0,&quot;335559737&quot;:0,&quot;335562764&quot;:2,&quot;335562765&quot;:1,&quot;335562766&quot;:4,&quot;335562767&quot;:0,&quot;335562768&quot;:4,&quot;335562769&quot;:0}"><span data-usefontface="false" data-contrast="none">Digitalisering är inte ett mål i sig, utan ett medel som möjliggör förnyelse. För individen skapar digitaliseringen stora möjligheter till </span><span data-usefontface="false" data-contrast="none">individuellt anpassade stöd, enklare kommunikationsvägar samt möjlighet till ökad kontroll över sin hälsa och livssituation. För </span><span data-usefontface="false" data-contrast="none">verksamheterna kan digitaliseringen bidra till en mer jämställd, jämlik, effektiv och tillgänglig socialtjänst och hälso- och sjukvård, </span><span data-usefontface="false" data-contrast="none">men även till bättre arbetsförhållanden för medarbetare. Det finns även en stor potential i att möta utmaningarna inom vården </span><span data-usefontface="false" data-contrast="none">och omsorgen genom att använda data som en strategisk resurs och tillvarata kraften i ny teknologi.</span>​</p>
<p data-ccp-props="{&quot;335551550&quot;:1,&quot;335551620&quot;:1,&quot;335559683&quot;:0,&quot;335559685&quot;:0,&quot;335559731&quot;:0,&quot;335559737&quot;:0,&quot;335562764&quot;:2,&quot;335562765&quot;:1,&quot;335562766&quot;:4,&quot;335562767&quot;:0,&quot;335562768&quot;:4,&quot;335562769&quot;:0}"><span data-usefontface="false" data-contrast="none">Trots att Sverige har bland de bästa förutsättningarna i världen för digitalisering finns det outnyttjad potential när det gäller att </span><span data-usefontface="false" data-contrast="none">tillvarata digitaliseringens möjligheter för att skapa en mer tillgänglig, kvalitativ, effektiv och personcentrerad hälso- och sjukvård </span><span data-usefontface="false" data-contrast="none">och socialtjänst. Med fyra koncept som är heltäckande i form av kundernas prioriteringar i deras digitaliseringsambitioner samt </span><span data-usefontface="false" data-contrast="none">mappning av de lösningar vi erbjuder till regioner och kommuner.</span></p>
<h2 data-ccp-props="{&quot;335551550&quot;:1,&quot;335551620&quot;:1,&quot;335559683&quot;:0,&quot;335559685&quot;:0,&quot;335559731&quot;:0,&quot;335559737&quot;:0,&quot;335562764&quot;:2,&quot;335562765&quot;:1,&quot;335562766&quot;:4,&quot;335562767&quot;:0,&quot;335562768&quot;:4,&quot;335562769&quot;:0}">Värdet för organisation och samhälle</h2>
<ul style="font-weight: 400;">
<li data-charcodes="8226" data-font="Arial,Sans-Serif" data-buautonum="8" data-margin="540" data-aria-posinset="1" data-aria-level="1"><span data-usefontface="false" data-contrast="none">Patienten ges möjlighet att aktivt delta och bidra i sin vård</span>​</li>
<li data-charcodes="8226" data-font="Arial,Sans-Serif" data-buautonum="8" data-margin="540" data-aria-posinset="2" data-aria-level="1"><span data-usefontface="false" data-contrast="none">Överbrygga gränser mellan region, kommun och patient samt andra aktörer</span>​</li>
<li data-charcodes="8226" data-font="Arial,Sans-Serif" data-buautonum="8" data-margin="540" data-aria-posinset="3" data-aria-level="1"><span data-usefontface="false" data-contrast="none">Nära vård som är platsoberoende</span>​</li>
<li data-charcodes="8226" data-font="Arial,Sans-Serif" data-buautonum="8" data-margin="540" data-aria-posinset="4" data-aria-level="1"><span data-usefontface="false" data-contrast="none">Medarbetare har rätt information och kunskap</span>​</li>
<li data-charcodes="8226" data-font="Arial,Sans-Serif" data-buautonum="8" data-margin="540" data-aria-posinset="5" data-aria-level="1"><span data-usefontface="false" data-contrast="none">Digital arbetsmiljö som stödjer processer</span>​</li>
<li data-charcodes="8226" data-font="Arial,Sans-Serif" data-buautonum="8" data-margin="540" data-aria-posinset="6" data-aria-level="1"><span data-usefontface="false" data-contrast="none">Automatiserade vård- och omsorgsprocesser med invånaren och personal i fokus </span>​</li>
<li data-charcodes="8226" data-font="Arial,Sans-Serif" data-buautonum="8" data-margin="540" data-aria-posinset="7" data-aria-level="1"><span data-usefontface="false" data-contrast="none">Uppkopplade boenden och hemmonitorering frigör tid och automatiserar </span><span data-usefontface="false" data-contrast="none">rapportering </span>​</li>
<li data-charcodes="8226" data-font="Arial,Sans-Serif" data-buautonum="8" data-margin="540" data-aria-posinset="8" data-aria-level="1"><span data-usefontface="false" data-contrast="none">Med säkra videomöten tillåts personal fokusera på patient och brukare. Frigör tid. </span><span data-usefontface="false" data-contrast="none">minskar belastning på miljön och efterlever kravet på social distans</span>​</li>
<li data-charcodes="8226" data-font="Arial,Sans-Serif" data-buautonum="8" data-margin="540" data-aria-posinset="9" data-aria-level="1"><span data-usefontface="false" data-contrast="none">Med rollstyrda meddelanden så effektiviseras kommunikationen mellan olika </span><span data-usefontface="false" data-contrast="none">yrkesgrupper och underlättar det samordnade vårdplaneringsarbetet</span>​</li>
<li data-charcodes="8226" data-font="Arial,Sans-Serif" data-buautonum="8" data-margin="540" data-aria-posinset="10" data-aria-level="1"><span data-usefontface="false" data-contrast="none">En bas att bedriva fortsatt innovation och göra idéer i vardagen tillgängliga för en </span><span data-usefontface="false" data-contrast="none">bredare målgrupp</span>​</li>
<li data-charcodes="8226" data-font="Arial,Sans-Serif" data-buautonum="8" data-margin="540" data-aria-posinset="11" data-aria-level="1"><span data-usefontface="false" data-contrast="none">Modern it-miljö, där relevant info görs tillgänglig</span>​</li>
</ul>

<p>År 2025 ska Sverige vara bäst i världen på att använda digitaliseringens och e-hälsans möjligheter i syfte att underlätta för människor att uppnå en god och jämlik hälsa och välfärd. Digitalisering är inte ett mål i sig, utan ett medel som möjliggör förnyelse. För individen skapar digitaliseringen stora möjligheter till individuellt anpassade stöd, enklare kommunikationsvägar samt möjlighet [&hellip;]</p>
